).
-7
Let y(g) = g**3 + 8*g**2 + 8*g + 11. Let b be y(-7). Suppose 3*a - 480 = 4*v - 6*v, -4*v - 3*a = -948. Let w(x) = -v - x + 232 + 2*x. What is w(b)?
2
Suppose 4*s + 7 = 5*r, -4*r + 4*s = -2*r + 2. Let b(g) be the first derivative of -r - 5*g - 1/2*g**2. What is b(0)?
-5
Let p(z) = z**2 + 5*z + 9. Let q = 1673 + -1680. Calculate p(q).
23
Let k(l) = 2*l - 5. Suppose 0 = -0*f - 4*f. Suppose 5*s - s - 24 = m, f = 5*s + 2*m - 17. What is k(s)?
5
Let j(h) be the third derivative of -39*h**2 + 0*h + 0 - 1/24*h**4 + 7/6*h**3. Give j(5).
2
Suppose -4*b - 52 = -12. Let v = 18 + b. Let m(i) = 676*i**3 + 12 - 342*i**3 - 2*i + 8*i**2 - 335*i**3. Determine m(v).
-4
Let f(q) = -q**2 + q + 14. Let j(g) = g**3 + 6*g**2 + 10*g + 4. Let c be j(-2). Give f(c).
14
Let j(l) be the third derivative of -5*l**4/24 + l**3/3 + 2*l**2. Suppose 0 = -243*o + 253*o + 20. Determine j(o).
12
Suppose 16 = -3*b + 5*u, 3*b + b = -2*u - 4. Let j(x) = x + 4. Let m(a) = 2*a + 9. Let o(q) = -13*j(q) + 6*m(q). What is o(b)?
4
Let a(k) = 45*k - 17. Let c(n) = 15*n - 6. Let d(r) = 6*a(r) - 17*c(r). Give d(-1).
-15
Let v(y) be the second derivative of -y**5/20 + 19*y**4/12 - 11*y**3/2 - 5*y**2 + 6*y. Let d be v(17). Let f(h) = h**2 - 5*h - 9. Calculate f(d).
5
Let k(u) = u**3 - 3*u**2 - 5*u + 6. Suppose -5*a = 5*l - 5, 55*l - 59*l + 8 = 5*a. Give k(a).
2
Let r = 29 + -26. Let q(h) = h**2 - h + 3. Let v(u) = -u**2 + 2*u - 4. Let x(l) = r*q(l) + 2*v(l). Calculate x(4).
21
Let o(p) = -44*p**2 + 11*p**2 + 3*p + 34*p**2. Let q be 2/(-6) + (-2)/(-6). Suppose m = -4 - q. What is o(m)?
4
Let x = 19 + -14. Suppose 19 + 56 = x*n. Let m(t) = -t + n*t - 11*t. Give m(1).
3
Suppose 357*q - 64 = 373*q. Let v(w) = w**3 + 5*w**2 + 3*w + 2. Calculate v(q).
6
Let d(x) = 3*x**2 - 2*x - 1. Suppose 7*f = 4*h + 11*f, -h + 4*f + 10 = 0. Calculate d(h).
7
Let y be (-6)/(-9)*3*(-75)/30. Let j(s) be the second derivative of s**5/120 + s**4/6 + s**3/3 - 3*s. Let c(t) be the second derivative of j(t). Give c(y).
-1
Let w(r) = -r**2 + 7*r - 4. Let i = 7 - 2. Let m be w(i). Let u(d) = -d**2 - 10 - 3 + 7*d + 4. What is u(m)?
-3
Let a(c) = 10*c + c**2 + 3*c + 0*c**2 - 4 + 0*c**2 + 17. Give a(-10).
-17
Let a(b) = 90 - 179 - b**2 + 90 - 5*b - 2*b. Give a(-5).
11
Let x(f) = 13*f**3 + f**2 + 6*f + 5. Let v(o) = 2*o**3 + o**2. Let d(t) = 6*v(t) - x(t). Determine d(4).
-13
Suppose -4*m = -68 + 20. Let i be (-6 - -1)/(m + -13). Let t(q) = q**2 - 5*q - 3. What is t(i)?
-3
Let t(g) = -12*g**2 + 3*g**3 - 59 - 4*g**3 + 19*g + 38 - 7*g**2. Calculate t(-20).
-1
Let z be 2 + (0 + 1 - 1). Let k(j) be the third derivative of -2/3*j**3 + 0 + 1/24*j**4 + 0*j + 6*j**2. Determine k(z).
-2
Let c(u) = -u**2 - 3*u - 2. Suppose -15 = 7*a - 2*a. Let g(l) = -l**3 + 5*l**2 - l + 6. Let m be g(5). Let k be -5 + 7 + a - m. Give c(k).
0
Let d(m) = 49*m - 1267. Let s(n) = 6*n - 149. Let u(c) = 2*d(c) - 17*s(c). Suppose 4*y - 1 = 11. Calculate u(y).
-13
Let b(r) = -3*r**2 + 2*r - 2. Let a(d) = -d**2 + 9*d - 10. Let t be -2 + -1 + (0 - -11). Let n be a(t). Let o be 3 + 3*n - -5. Determine b(o).
-10
Let h(x) be the third derivative of -2/3*x**3 - 7/24*x**4 - 10*x**2 + 1/60*x**5 + 0*x + 0. Determine h(8).
4
Suppose 2*p - 13 = x, 2 + 5 = x + 2*p. Let w(f) = 3*f - 7. Let n(q) = -q - 9. Let u be n(-5). Let a(i) = 2*i - 4. Let t(j) = u*w(j) + 7*a(j). What is t(x)?
-6
Let g(j) = -j**3 - 11*j**2 - 11*j - 10. Suppose -2*r - 17 = 3. Let l be g(r). Let s(c) = 4*c**3 + c - c**2 - 3*c**3 - 2 + l*c**3. Give s(0).
-2
Let k(a) = 11*a**2. Suppose 403*g - 397*g = -6. Calculate k(g).
11
Suppose -m + 2*r - 9 = 0, r - 21 = m - 4*r. Let p(y) = y**2 - 7*y + 16. Let t be p(6). Let a(z) = 17*z - 21*z + t*z. Give a(m).
-6
Suppose -2*j - 2*d = 3*d + 16, -3*j + d - 7 = 0. Let h(x) = -x - 5. Let o be h(j). Let y(v) = 2*v**2 + 2*v + 3. Determine y(o).
7
Suppose x = 3*y + 2*x - 5, -5*y = 4*x + 1. Suppose 0 = -3*f + 2*g - 6 + 2, y*f = -5*g + 10. Let k(v) = -v - 4. Give k(f).
-4
Let g = 516 - 518. Let i = -1 - -2. Let x(v) = -3 - 2*v + 1 - i. Determine x(g).
1
Let v(f) = -453 + 152 + 151 + 152 + 2*f. Determine v(2).
6
Suppose -v = 2*v - 3. Let u(a) = -3*a - 1. Let j be u(v). Let p(d) = 2*d**2 + 3*d - 1. Determine p(j).
19
Let x be -1*(96/(-56))/(4/14). Let s(z) = -2*z + 2 + 3*z + 0*z. Calculate s(x).
8
Let f(w) = w**3 + 21*w**2 + 44*w + 115. Let l be f(-19). Let j(o) = o**2 - o. What is j(l)?
0
Let v(r) = -r**2 - 4*r + 3. Suppose -111*y - 8 = -109*y. What is v(y)?
3
Let q(l) = -8*l + 6. Let p be 66/15 + (-60)/150. Calculate q(p).
-26
Let n(b) = -b**3 + 8*b**2 + 12*b - 3. Let v be n(7). Let i be ((-52)/v)/(1/(-15)). Let w(r) = -r**2 + 2*r. Give w(i).
-24
Let h(z) = z**2 + 3*z + 2. Let k be h(-3). Let p(i) = 5*i**k - 2*i + 9*i**2 - 3*i + 4 - 13*i**2. What is p(6)?
10
Let d(r) = -r + 13 + 0*r + 7*r - 12. Let s(b) = 5*b + 2. Let y(v) = -2*d(v) + 3*s(v). Let a(w) = w**2 + 6*w + 1. Let p be a(-5). Determine y(p).
-8
Let i(h) = -h**2 + 2*h + 11. Suppose 2*d = -21*p + 22*p - 6, -d = p + 3. Give i(d).
-4
Let m(y) = 10*y - 91. Let w be m(9). Let p(x) = -11*x**2 + x. What is p(w)?
-12
Let i(r) = 3*r**2 + 3*r + 2. Let d(y) = 6*y**2 + 7*y + 5. Let l(m) = -3*d(m) + 7*i(m). Suppose 66 = -5*s - 74. Let j = -29 - s. Calculate l(j).
2
Suppose 0 = x + x + 6. Let w be ((-14)/28)/((-2)/4). Let k(d) = -6*d + 2*d + w + 2*d**3 + 0*d**2 + 2*d**2 - d**3. Determine k(x).
4
Suppose 0 = -3*b + 3*r - 18, -18 = -b + 4*r - 9*r. Let t(c) = -14*c**2 + 2. Determine t(b).
-54
Let g(v) = v**3 + 8*v**2 + 9*v + 5. Let i(u) = 2*u + 38. Let m be i(-13). Suppose 0 = 4*c + 4*t + m, -39 = 5*c - 0*c - 3*t. What is g(c)?
23
Suppose 2*u = 5*o - 5, o - 4*u + 20 = 3. Let v be 2/(-1) - 4*-1. Let m(l) = -3 + o*l - 2*l**v + 4 + l**2 + 2. Calculate m(5).
-7
Let i(y) be the third derivative of -y**6/24 - y**5/20 + y**4/6 - y**3/3 + 61*y**2. Suppose r + 0 - 1 = 0. Let t be i(r). Let k(w) = w**2 + 6*w. Give k(t).
0
Let k(c) = -31*c - 4. Let u(y) = -21*y - 3. Let x(b) = -4*k(b) + 5*u(b). Suppose 4*l = -3*w + 23, 2*w + 2*l = 2 + 10. Determine x(w).
20
Let q(g) = -g**2 + 34*g - 95. Let b be q(31). Let r(s) = 5*s**3 - s**2 + s + 1. Calculate r(b).
-45
Suppose -5 - 5 = -5*k. Let n(s) be the third derivative of 0 - 1/6*s**3 - 1/8*s**4 + 6*s**2 + 0*s. Give n(k).
-7
Suppose -5*y = -0*r + 4*r - 23, -4*r + 2 = 2*y. Let w = -8 + y. Let j be (2 + 0 + w)/(-1). Let z(f) = -2*f**2 - f. What is z(j)?
-1
Let z(k) = 27224*k - 5 - 11 - 27223*k. What is z(17)?
1
Let k = 64 + -45. Suppose 9 = -16*i + k*i. Let n(c) = -9*c + 7*c + i*c + c**2 - 1 + 6*c. Give n(-7).
-1
Let c(m) = -m. Suppose d - 2 = 2*u, u = -5*d + 5*u + 10. Suppose 4*x + 5*v = -35, v + 0 - d = x. What is c(x)?
5
Let c be (-3 - (-324)/117)*-13. Let n(a) = 2*a**2 - 3*a - 2. Calculate n(c).
7
Suppose v - 8 = -c, -5*v + 37 = 4*c - 1. Let z be 4358/6 + 44/(-33). Let h(t) = 1 + 1 + z*t - 726*t. Calculate h(v).
-4
Let k(a) = -1 + 3*a - 9*a**3 + 114*a**2 + 12*a**3 - 116*a**2. Calculate k(1).
3
Suppose 0 = -5*d - 5*g + 35, 19*d - 31 = 15*d - 3*g. Let q(n) = -n**2 + 5*n - 1. What is q(d)?
-51
Let u(b) = b**3 + b**2 + b - 4. Suppose 3*o + 9 = 5*q, -10*o + 5*o = 5*q + 15. Determine u(q).
-4
Let d(p) = 41*p + 14. Let o(t) = 48*t + 14. Let w(s) = -7*d(s) + 6*o(s). Calculate w(-6).
-20
Let g(r) = r**2 + 7*r + 3. Let d(j) = -2*j**2 - 17*j - 6. Let y(f) = -4*d(f) - 9*g(f). Determine y(2).
3
Let h(c) = 5*c**2 + 0*c - 18*c**2 - 2 - 6*c + 2*c**3 + 11*c. What is h(6)?
-8
Let o(d) = -7*d**2 + 34*d + 38. Let h be o(6). Let p(l) = l**3 + 9*l**2 - 9*l + 6. Give p(h).
-4
Let b(q) = -2*q - 5. Let r(t) = t - 1. Suppose -26 = 3*s + 5*o, -3*o + 0*o = 3. Let z be r(s). Calculate b(z).
11
Suppose 8*s = 4*s + 8. Suppose 0*j + 15 = 3*j. Let g(f) = j + 0*f + 2*f - 3. Give g(s).
6
Let a(r) = r**3 - 9*r**2 + 18*r + 8. Let u be a(6). Let t(w) = w**2 - 9*w. Give t(u).
-8
Suppose 2*o - 6 = -18. Let c(n) = -4*n - 6. Determine c(o).
18
Suppose 2*c = 6*c - 12. Let i(x) be the second derivative of -x**5/20 + x**4/3 - 2*x**3/3 + x**2/2 + 40*x. What is i(c)?
-2
Let m(b) be the second derivative of -b**3/6 + b**2/2 - 145*b. What is m(1)?
0
Let x(a) = -a**3 + 10*a**2 - 5*a - 8. Let h(b) = -8*b**3 - b**2 - 3*b - 1. Let m be h(-1). Give x(m).
28
Let n(p) be the third derivative of 0 + 1/12*p**4 + 5/6*p**3 + 0*p + 13*p**2. Suppose -36*